illions digit of 115488515?
1
What is the ten thousands digit of 199845886?
4
What is the hundred millions digit of 5623465989?
6
What is the hundred thousands digit of 48158996?
1
What is the units digit of 118730711?
1
What is the hundred thousands digit of 56792523?
7
What is the hundred thousands digit of 36518202?
5
What is the tens digit of 503728530?
3
What is the billions digit of 2565263258?
2
What is the ten thousands digit of 4577834021?
3
What is the hundred thousands digit of 9048963283?
9
What is the ten millions digit of 124961851?
2
What is the hundred millions digit of 2140113006?
1
What is the units digit of 501879473?
3
What is the millions digit of 1365200442?
5
What is the tens digit of 15395387?
8
What is the hundred thousands digit of 427881138?
8
What is the thousands digit of 158725196?
5
What is the ten millions digit of 10725561?
1
What is the ten thousands digit of 13803558?
0
What is the ten thousands digit of 17642633?
4
What is the hundreds digit of 2007800821?
8
What is the hundred thousands digit of 1388245722?
2
What is the hundred millions digit of 1514373147?
5
What is the units digit of 1871438231?
1
What is the millions digit of 73494229?
3
What is the millions digit of 159584100?
9
What is the ten millions digit of 30624122?
3
What is the ten millions digit of 141669287?
4
What is the hundreds digit of 51194255?
2
What is the hundred thousands digit of 1359190174?
1
What is the thousands digit of 541769623?
9
What is the hundred thousands digit of 956419941?
4
What is the millions digit of 149412729?
9
What is the hundred thousands digit of 222373412?
3
What is the ten millions digit of 2444121843?
4
What is the hundred thousands digit of 160155158?
1
What is the hundred thousands digit of 1138574327?
5
What is the millions digit of 127132858?
7
What is the ten millions digit of 449389490?
4
What is the units digit of 36435418?
8
What is the units digit of 27045291?
1
What is the tens digit of 74566239?
3
What is the thousands digit of 509983821?
3
What is the ten millions digit of 4430541776?
3
What is the hundred thousands digit of 66635756?
6
What is the tens digit of 19492221?
2
What is the thousands digit of 2127069369?
9
What is the ten millions digit of 477998080?
7
What is the hundred millions digit of 2532354515?
5
What is the ten millions digit of 302762502?
0
What is the units digit of 882718306?
6
What is the ten thousands digit of 758892312?
9
What is the units digit of 59333855?
5
What is the hundreds digit of 18617879?
8
What is the billions digit of 2848647688?
2
What is the ten thousands digit of 1147130398?
3
What is the units digit of 465612739?
9
What is the units digit of 1930444366?
6
What is the hundreds digit of 424734729?
7
What is the millions digit of 247640949?
7
What is the thousands digit of 764510775?
0
What is the hundreds digit of 164034483?
4
What is the millions digit of 64614563?
4
What is the hundred millions digit of 344377672?
3
What is the millions digit of 1149043322?
9
What is the hundred thousands digit of 2515580885?
5
What is the units digit of 837198404?
4
What is the ten thousands digit of 111900973?
0
What is the ten thousands digit of 30686508?
8
What is the hundred thousands digit of 196331787?
3
What is the ten millions digit of 12290483?
1
What is the hundred thousands digit of 351458737?
4
What is the hundreds digit of 1605192093?
0
What is the millions digit of 239813346?
9
What is the thousands digit of 764434727?
4
What is the hundreds digit of 1491113004?
0
What is the tens digit of 208812942?
4
What is the units digit of 1898840114?
4
What is the ten millions digit of 39528703?
3
What is the hundreds digit of 8226454?
4
What is the millions digit of 1428268391?
8
What is the units digit of 591207703?
3
What is the units digit of 147728181?
1
What is the tens digit of 484787265?
6
What is the millions digit of 333183688?
3
What is the hundred thousands digit of 2638672564?
6
What is the tens digit of 7957072971?
7
What is the thousands digit of 1273406694?
6
What is the ten thousands digit of 5200333106?
3
What is the millions digit of 624331700?
4
What is the billions digit of 2344567146?
2
What is the millions digit of 34591257?
4
What is the ten thousands digit of 473348693?
4
What is the hundreds digit of 184235072?
0
What is the ten thousands digit of 265375434?
7
What is the ten millions digit of 493858772?
9
What is the ten thousands digit of 270077847?
7
What is the ten millions digit of 96191165?
9
What is the tens digit of 1370125917?
1
What is the ten thousands digit of 60372279?
7
What is the billions digit of 4125742107?
4
What is the hundred thousands digit of 72115696?
1
What is the units digit of 695558073?
3
What is the hundred millions digit of 3916070422?
9
What is the millions digit of 38712080?
8
What is the hundred millions digit of 1121484313?
1
What is the billions digit of 2944787767?
2
What is the units digit of 83973943?
3
What is the units digit of 2468606083?
3
What is the ten thousands digit of 63302552?
0
What is the tens digit of 186966559?
5
What is the hundred thousands digit of 222674054?
6
What is the ten thousands digit of 467225680?
2
What is the hundred millions digit of 272314117?
2
What is the thousands digit of 194490203?
0
What is the tens digit of 50714394?
9
What is the hundreds digit of 73793002?
0
What is the units digit of 44792765?
5
What is the billions digit of 1348833791?
1
What is the units digit of 75329431?
1
What is the ten millions digit of 911956750?
1
What is the hundred millions digit of 134872814?
1
What is the millions digit of 1017169794?
7
What is the ten millions digit of 2083952931?
8
What is the thousands digit of 2172099853?
9
What is the millions digit of 68165481?
8
What is the ten millions digit of 37296223?
3
What is the ten millions digit of 69481027?
6
What is the tens digit of 682680630?
3
What is the hundreds digit of 3563368?
3
What is the millions digit of 1430655413?
0
What is the hundreds digit of 15711278?
2
What is the hundreds digit of 87364567?
5
What is the ten millions digit of 451399879?
5
What is the ten millions digit of 2320336993?
2
What is the millions digit of 186326691?
6
What is the ten thousands digit of 62766024?
6
What is the ten millions digit of 133277441?
3
What is the tens digit of 110898715?
1
What is the ten thousands digit of 319296689?
9
What is the tens digit of 93955753?
5
What is the millions digit of 173726805?
3
What is the hundred millions digit of 164950354?
1
What is the hundred thousands digit of 1352122520?
1
What is the hundred thousands digit of 548561146?
5
What is the hundred thousands digit of 59492201?
4
What is the ten millions digit of 52348009?
5
What is the units digit of 126207803?
3
What is the hundred thousands digit of 3699331604?
3
What is the ten thousands digit of 46653806?
5
What is the units digit of 805255230?
0
What is the units digit of 1003924306?
6
What is the ten millions digit of 3514200480?
1
What is the ten millions digit of 488572558?
8
What is the units digit of 22656489?
9
What is the hundred thousands digit of 761066999?
0
What is the hundred thousands digit of 311816796?
8
What is the thousands digit of 89668497?
8
What is the hundred thousands digit of 300140926?
1
What is the hundred millions digit of 1403820136?
4
What is the millions digit of 339412212?
9
What is the ten millions digit of 1836096039?
3
What is the thousands digit of 508071524?
1
What is the hundred thousands digit of 6270335?
2
What is the tens digit of 1021755942?
4
What is the ten millions digit of 941842346?
4
What is the hundred thousands digit of 274212524?
2
What is the tens digit of 253640479?
7
What is the hundreds digit of 132125370?
3
What is the thousands digit of 252506?
2
What is the ten millions digit of 283778259?
8
What is the millions digit of 6727487756?
7
What is the hundred thousands digit of 319929194?
9
What is the hundred millions digit of 1587390123?
5
What is the ten thousands digit of 2263281575?
8
What is the thousands digit of 82277697?
7
What is the hundred thousands digit of 3301274792?
2
What is the hundred thousands digit of 71473106?
4
What is the millions digit of 813344185?
3
What is the ten t